of x.
2, 23, 127
Let c be -3 - 12/(-4 + 1). Let h be (28 - 26)/(1*c/2). Suppose -6*u + 2*d = -3*u - 121, 180 = h*u + 2*d. List the prime factors of u.
43
Let y = 484 + -577. Let t = -471 - -732. Let k = y + t. What are the prime factors of k?
2, 3, 7
What are the prime factors of ((-889080)/(-54) + 2 - (-4)/(-9)) + -4?
2, 8231
Let s(m) = -49*m + 498. List the prime factors of s(-26).
2, 443
Let n = 10804 + -2547. What are the prime factors of n?
23, 359
Let u(w) = -w**2 + 5*w - 2. Let f be u(3). Let b(x) = 252*x + 2065. Let m be b(-8). Suppose -o = -j + m, 2*j + 6*o - 86 = f*o. List the prime factors of j.
2, 23
Let s(f) = -23*f**2 - 3*f - 7. Let y be s(-3). Let t = 437 + y. Suppose -2*p + 89 = i - t, -4*i = 2*p - 330. What are the prime factors of p?
3, 53
Suppose 6*z + 192 = 2*z. Let q = z + 51. Suppose 5*a + 8 = l + 4*a, -4*l - q*a + 60 = 0. What are the prime factors of l?
2, 3
Let y(p) = -18*p + 4. Let q be y(-3). Let a = -16 + q. Let f = -30 + a. List the prime factors of f.
2, 3
Suppose 37877 + 922 = 21*f - 152826. List the prime factors of f.
5, 73
Suppose 3*t - 14 = -2*p, 5*p - 18 = 10*t - 9*t. Suppose 5*d - 2*i - 623 = 0, t*d + d - 2*i = 373. What are the prime factors of d?
5
Let p(t) = -t**3 - 16*t**2 - 16*t - 15. Let x be p(-15). Suppose 4*a = -x*a + j + 6, 4*a - 12 = 4*j. What are the prime factors of ((-3)/((-15)/10))/(a/13)?
2, 13
Suppose 20*u - 19*u = 1517. What are the prime factors of u?
37, 41
What are the prime factors of (-4652542)/(-434) - 2/14?
2, 5, 67
Let j be (82/(-10))/(30/(-50550)). Suppose 0 = -23*x + 35138 - j. What are the prime factors of x?
3, 103
Let q be 4/6 - 1 - 104/(-24). Suppose 4*s + i = 521, -56 = -s - q*i + 93. List the prime factors of s.
3, 43
Let o(u) = 14*u**2 + 5*u - 68. Suppose 0 = -9*a - 22 + 103. List the prime factors of o(a).
11, 101
Let w(k) = -6*k + 26. Let x(l) = -2*l**3 - 12*l**2 + 2. Let r be x(-6). Let i(v) = -9*v - 5. Let s be i(r). List the prime factors of w(s).
2, 41
Let x be 3/3 - (6 - 13). What are the prime factors of (11 + -7)*118/x?
59
Suppose t + 13280 - 3924 = 3*a, -4*a + 12492 = 3*t. What are the prime factors of a?
2, 3, 5, 13
Let u = -7388 + 9457. What are the prime factors of u?
2069
Suppose l + 3*t - 43 = 0, 6*l - 9*l - 3*t = -141. Suppose 3*w = l - 28. Let i(o) = 11*o + 8. List the prime factors of i(w).
5, 17
What are the prime factors of 180697/(220/20) + -9?
2, 8209
Let c = 54 + -52. Suppose -h = -5*w - 288, c*h - 537 = w + 39. What are the prime factors of h?
2, 3
Suppose 4*b = 43*o - 40*o - 42081, -5*o + 70077 = 3*b. What are the prime factors of o?
3, 4673
Suppose -5959 = -2*g - 313*r + 312*r, -3*r - 14914 = -5*g. What are the prime factors of g?
11, 271
Let m(r) = 3*r**2 - 35*r + 1 + 17 + 0*r**2 + r**3 + 6 - 11. List the prime factors of m(10).
3, 107
Suppose 3*r - m - 931 = 3290, 12 = -4*m. Suppose 3324 = 5*x - r. List the prime factors of x.
2, 11, 43
Let o = 9913 - 2375. List the prime factors of o.
2, 3769
Let m(h) = 15*h**3 - 28*h**2 + 169*h + 10. List the prime factors of m(8).
2, 5, 29
Let b be 36/(-8) + 3 - (-21)/(-6). Let x(n) = -2*n - 47. Let j(z) = -z - 23. Let u(g) = -9*j(g) + 4*x(g). What are the prime factors of u(b)?
2, 7
Let u(r) = -2*r**3 + 21*r**2 + 16*r + 2. Let a(x) = -x**3 + 11*x**2 + 8*x + 2. Let j(l) = -7*a(l) + 4*u(l). List the prime factors of j(-6).
2, 3, 23
What are the prime factors of (2 - 38/4)/(((-594)/(-623128))/(-9))?
2, 5, 73, 97
Let m = -10974 + 29203. What are the prime factors of m?
18229
Let k be ((-27)/(-9))/((-2)/((-8)/3)). Let p be k/8*-9*2. List the prime factors of (-230)/5*p/6.
3, 23
Suppose 0 = -35*h - 19 + 54. Let s(k) = 1174*k**2 + 6*k - 2. List the prime factors of s(h).
2, 19, 31
Let m = -47228 + 86901. List the prime factors of m.
97, 409
Suppose 5*h - 2*v - 152 = 0, -2*h - 2*v + 53 + 19 = 0. Suppose h = 17*r - r. List the prime factors of (12 + r)*20/5.
2, 7
Suppose 16*o - 248 = -15*o. What are the prime factors of 2*(-2)/o*-2764?
2, 691
What are the prime factors of 6 + (-200)/10 + 35562?
2, 8887
Suppose 7*u - 9 = -2*u. Let d = u - -47. Suppose -46 = -y - c, 7*y - 2*c = 8*y - d. List the prime factors of y.
2, 11
Let y = -3439 - -4732. What are the prime factors of y?
3, 431
List the prime factors of 159/371 + (-126327)/(-21).
2, 47
Suppose -103 = 3*q - m, -q - 7 = -4*m + 9. Let l = q - -153. List the prime factors of l.
3, 13
List the prime factors of ((380/(-70))/19)/(6/(-591423)).
28163
Suppose 3*n - 2*x = 57989, 5*n - x - 54171 = 42468. List the prime factors of n.
7, 11, 251
Let c be (-1 - 2*-646) + 0 + -5. Let t = 1898 - c. What are the prime factors of t?
2, 3, 17
Suppose 57*m = -8*m + 906230. List the prime factors of m.
2, 6971
List the prime factors of -8276*(38/133)/((-3)/21) - 7.
3, 5, 1103
Let l(m) = 67*m + 42. Let p be (288/(-168))/((-4)/14). What are the prime factors of l(p)?
2, 3, 37
Suppose 4*m + 5*o - 17 = 0, o = -2*m + 8 - 1. Suppose 0*x + m*x - u + 1 = 0, 3*x = 4*u - 13. Let i(j) = 127*j**2 + 4*j - 3. What are the prime factors of i(x)?
2
Let x be (1205 - 8) + (3 + -1)*-1. Suppose -3*f - x = 4*b, -4*f - 300 = b - 2*f. Let d = -176 - b. List the prime factors of d.
2, 61
Suppose -27*b + 3*r = -30*b + 35403, -25 = 5*r. What are the prime factors of b?
2, 5903
Let i(x) = -53*x + 4. Let n(y) = 6307*y - 477. Let r(t) = 477*i(t) + 4*n(t). Let z(h) = 2146*h. Let k(b) = -203*r(b) - 5*z(b). List the prime factors of k(4).
2, 29
Let t = -152 - -156. Suppose -1325 = -t*i + f - 6*f, 2*i + 4*f = 658. List the prime factors of i.
5, 67
Suppose 181*o - 911792 = 1172396 - 4317. List the prime factors of o.
11491
Suppose -x = -163*p + 158*p + 13148, -5*x = -10. List the prime factors of p.
2, 5, 263
Let v(m) = -453*m + 88. List the prime factors of v(-16).
2, 7, 131
Suppose -q - 129 + 46 = 0. Let m = q - -95. Suppose -8*f + 2*f = -m. List the prime factors of f.
2
What are the prime factors of 525271/654*(-1 + 20 + 2)*2?
7, 61, 79
Suppose -j + 4*g + 21 + 3 = 0, -2*j + g = -13. Let d = -51 + 54. Suppose 0 = -d*l - j*r + 237, -l + 4*r - 2*r = -79. List the prime factors of l.
79
Suppose 0 = 33*u + 42*u - 66*u. List the prime factors of (u + 47)*(14 + 1).
3, 5, 47
Suppose 45*n - 32*n - 52 = 0. Suppose 7*h - 12*h + n*v + 4120 = 0, -4*h + 4*v = -3300. What are the prime factors of h?
2, 5, 41
Let y be (-92)/3 + -1*4/(-6). Let a be (-56)/y + (-4)/(-30). Suppose 192 = -a*r + 520. What are the prime factors of r?
2, 41
Let v(o) = -4*o - 24*o**2 - 34*o**2 + 59*o**2 - 10. Let q be v(-10). Let f = -73 + q. List the prime factors of f.
3, 19
Let k(n) be the third derivative of -n**5/30 + 19*n**4/24 + 3*n**3/2 + 2*n**2 - 2*n - 531. Let g = 15 - 8. What are the prime factors of k(g)?
2, 11
Let j(u) = -u**2 + 26*u - 28. Let h(c) = -c**3 - 8*c**2 - 9*c - 4. Let v be h(-7). What are the prime factors of j(v)?
2, 3, 11
Suppose 106 = 4*k - 9*n + 4*n, -3*k - 2*n + 68 = 0. Suppose 0 = k*z - 21564 - 11748. What are the prime factors of z?
2, 347
Let u(o) be the second derivative of 8*o**4/3 - 5*o**3/6 + o**2 + 15*o. Let c be u(3). Suppose c - 20 = 3*q. What are the prime factors of q?
5, 17
Let a(b) = 2*b**2 - 50*b - 72. List the prime factors of a(-16).
2, 5, 31
Suppose -r + 134*n = 135*n - 7644, 4*r - 5*n - 30540 = 0. What are the prime factors of r?
2, 5, 191
Let g = 23195 + -2844. List the prime factors of g.
47, 433
Suppose 18*k + 2*j = 13*k + 34781, -2*k = -5*j - 13866. List the prime factors of k.
17, 409
Suppose -5*b - 48 = 3*f - 5*f, -3*b = -2*f + 48. Let s(c) = 3*c**2 - 33*c - 55. What are the prime factors of s(f)?
881
Let m(k) = 2392*k**2 - 1546*k + 6183. What are the prime factors of m(4)?
3, 12757
Suppose -1462*p = -1520*p + 4416062. List the prime factors of p.
7, 73, 149
Suppose t - 26892 = 9*o - 11*o, -24 = -4*t. What are the prime factors of o?
3, 4481
Let i be (2/4)/(28/112168). Let w = i - 247. List the prime factors of w.
2, 439
Suppose 158103 + 32195 = 17*u. List the prime factors of u.
2, 29, 193
Let b(a) = -9*a**2 + 5*a + 10. Let u be b(7). Let d = u - -413. What are the prime factors of d?
17
Let x(w) be the third derivative of -w**5/60 - w**4/12 - 4*w**3/3 - 22*w**2. Let i(h) be the first derivative of x(h). List the prime factors of i(-15).
2, 7
Let n(q) = q**3 + 3*q**2 - 2*q - 4. Let x be n(-3). 